[INFO] fetching crate is_utf8 0.1.4...
[INFO] checking is_utf8-0.1.4 against master#af3c6e733a40e671550e0f0f5aeecaa13772ba56 for pr-74989
[INFO] extracting crate is_utf8 0.1.4 into /workspace/builds/worker-5/source
[INFO] validating manifest of crates.io crate is_utf8 0.1.4 on toolchain af3c6e733a40e671550e0f0f5aeecaa13772ba56
[INFO] running `Command { std: "/workspace/cargo-home/bin/cargo" "+af3c6e733a40e671550e0f0f5aeecaa13772ba56" "read-manifest" "--manifest-path" "Cargo.toml", kill_on_drop: false }`
[INFO] started tweaking crates.io crate is_utf8 0.1.4
[INFO] finished tweaking crates.io crate is_utf8 0.1.4
[INFO] tweaked toml for crates.io crate is_utf8 0.1.4 written to /workspace/builds/worker-5/source/Cargo.toml
[INFO] running `Command { std: "/workspace/cargo-home/bin/cargo" "+af3c6e733a40e671550e0f0f5aeecaa13772ba56" "generate-lockfile" "--manifest-path" "Cargo.toml" "-Zno-index-update", kill_on_drop: false }`
[INFO] running `Command { std: "/workspace/cargo-home/bin/cargo" "+af3c6e733a40e671550e0f0f5aeecaa13772ba56" "fetch" "--locked" "--manifest-path" "Cargo.toml", kill_on_drop: false }`
[INFO] running `Command { std: "docker" "create" "-v" "/var/lib/crater-agent-workspace/builds/worker-5/target:/opt/rustwide/target:rw,Z" "-v" "/var/lib/crater-agent-workspace/builds/worker-5/source:/opt/rustwide/workdir:ro,Z" "-v" "/var/lib/crater-agent-workspace/cargo-home:/opt/rustwide/cargo-home:ro,Z" "-v" "/var/lib/crater-agent-workspace/rustup-home:/opt/rustwide/rustup-home:ro,Z" "-e" "SOURCE_DIR=/opt/rustwide/workdir" "-e" "CARGO_TARGET_DIR=/opt/rustwide/target" "-e" "CARGO_HOME=/opt/rustwide/cargo-home" "-e" "RUSTUP_HOME=/opt/rustwide/rustup-home" "-w" "/opt/rustwide/workdir" "-m" "1610612736" "--user" "0:0" "--network" "none" "rustops/crates-build-env@sha256:d92eaeed33fa75130ca1ee6c8a01d1ffb62bac859dfdfb3450e3e5d1c0146529" "/opt/rustwide/cargo-home/bin/cargo" "+af3c6e733a40e671550e0f0f5aeecaa13772ba56" "metadata" "--no-deps" "--format-version=1", kill_on_drop: false }`
[INFO] [stderr] WARNING: Your kernel does not support swap limit capabilities or the cgroup is not mounted. Memory limited without swap.
[INFO] [stdout] c3578da66a1baeada27b72bc1cffb6925317cbc73a5b60dca90252f22b6397ed
[INFO] running `Command { std: "docker" "start" "-a" "c3578da66a1baeada27b72bc1cffb6925317cbc73a5b60dca90252f22b6397ed", kill_on_drop: false }`
[INFO] running `Command { std: "docker" "inspect" "c3578da66a1baeada27b72bc1cffb6925317cbc73a5b60dca90252f22b6397ed", kill_on_drop: false }`
[INFO] running `Command { std: "docker" "rm" "-f" "c3578da66a1baeada27b72bc1cffb6925317cbc73a5b60dca90252f22b6397ed", kill_on_drop: false }`
[INFO] [stdout] c3578da66a1baeada27b72bc1cffb6925317cbc73a5b60dca90252f22b6397ed
[INFO] running `Command { std: "docker" "create" "-v" "/var/lib/crater-agent-workspace/builds/worker-5/target:/opt/rustwide/target:rw,Z" "-v" "/var/lib/crater-agent-workspace/builds/worker-5/source:/opt/rustwide/workdir:ro,Z" "-v" "/var/lib/crater-agent-workspace/cargo-home:/opt/rustwide/cargo-home:ro,Z" "-v" "/var/lib/crater-agent-workspace/rustup-home:/opt/rustwide/rustup-home:ro,Z" "-e" "SOURCE_DIR=/opt/rustwide/workdir" "-e" "CARGO_TARGET_DIR=/opt/rustwide/target" "-e" "CARGO_INCREMENTAL=0" "-e" "RUST_BACKTRACE=full" "-e" "RUSTFLAGS=--cap-lints=forbid" "-e" "CARGO_HOME=/opt/rustwide/cargo-home" "-e" "RUSTUP_HOME=/opt/rustwide/rustup-home" "-w" "/opt/rustwide/workdir" "-m" "1610612736" "--user" "0:0" "--network" "none" "rustops/crates-build-env@sha256:d92eaeed33fa75130ca1ee6c8a01d1ffb62bac859dfdfb3450e3e5d1c0146529" "/opt/rustwide/cargo-home/bin/cargo" "+af3c6e733a40e671550e0f0f5aeecaa13772ba56" "check" "--frozen" "--all" "--all-targets" "--message-format=json", kill_on_drop: false }`
[INFO] [stdout] 262e1560fa0c58415b7bfa24ec3a7d135f5458ceeb078c380f3a0c49f6764e06
[INFO] [stderr] WARNING: Your kernel does not support swap limit capabilities or the cgroup is not mounted. Memory limited without swap.
[INFO] running `Command { std: "docker" "start" "-a" "262e1560fa0c58415b7bfa24ec3a7d135f5458ceeb078c380f3a0c49f6764e06", kill_on_drop: false }`
[INFO] [stderr]    Compiling autocfg v1.0.1
[INFO] [stderr]     Checking lazy_static v1.4.0
[INFO] [stderr]    Compiling maybe-uninit v2.0.0
[INFO] [stderr]    Compiling serde v1.0.116
[INFO] [stderr]    Compiling libc v0.2.77
[INFO] [stderr]    Compiling semver-parser v0.7.0
[INFO] [stderr]     Checking cfg-if v0.1.10
[INFO] [stderr]    Compiling proc-macro2 v1.0.21
[INFO] [stderr]    Compiling ryu v1.0.5
[INFO] [stderr]    Compiling memchr v2.3.3
[INFO] [stderr]    Compiling byteorder v1.3.4
[INFO] [stderr]     Checking scopeguard v1.1.0
[INFO] [stderr]    Compiling unicode-xid v0.2.1
[INFO] [stderr]    Compiling rayon-core v1.8.0
[INFO] [stderr]    Compiling serde_json v1.0.57
[INFO] [stderr]     Checking itoa v0.4.6
[INFO] [stderr]     Checking either v1.6.0
[INFO] [stderr]    Compiling bitflags v1.2.1
[INFO] [stderr]     Checking unicode-width v0.1.8
[INFO] [stderr]    Compiling serde_derive v1.0.116
[INFO] [stderr]     Checking same-file v1.0.6
[INFO] [stderr]     Checking half v1.6.0
[INFO] [stderr]     Checking regex-syntax v0.6.18
[INFO] [stderr]     Checking oorandom v11.1.2
[INFO] [stderr]     Checking is_utf8 v0.1.4 (/opt/rustwide/workdir)
[INFO] [stderr]    Compiling semver v0.9.0
[INFO] [stderr]     Checking itertools v0.9.0
[INFO] [stderr]     Checking textwrap v0.11.0
[INFO] [stderr]     Checking walkdir v2.3.1
[INFO] [stderr]    Compiling rustc_version v0.2.3
[INFO] [stderr]     Checking csv-core v0.1.10
[INFO] [stderr]     Checking clap v2.33.3
[INFO] [stderr]    Compiling crossbeam-utils v0.7.2
[INFO] [stderr]    Compiling memoffset v0.5.5
[INFO] [stderr]    Compiling crossbeam-epoch v0.8.2
[INFO] [stderr]    Compiling num-traits v0.2.12
[INFO] [stderr]    Compiling rayon v1.4.0
[INFO] [stderr]    Compiling cast v0.2.3
[INFO] [stderr]     Checking regex-automata v0.1.9
[INFO] [stderr]    Compiling quote v1.0.7
[INFO] [stderr]     Checking num_cpus v1.13.0
[INFO] [stderr]     Checking atty v0.2.14
[INFO] [stderr]    Compiling syn v1.0.40
[INFO] [stderr]     Checking criterion-plot v0.4.3
[INFO] [stderr]     Checking regex v1.3.9
[INFO] [stderr]     Checking plotters v0.2.15
[INFO] [stderr]     Checking crossbeam-channel v0.4.4
[INFO] [stderr]     Checking crossbeam-deque v0.7.3
[INFO] [stderr]     Checking bstr v0.2.13
[INFO] [stderr]     Checking serde_cbor v0.11.1
[INFO] [stderr]     Checking csv v1.1.3
[INFO] [stderr]     Checking tinytemplate v1.1.0
[INFO] [stderr]     Checking criterion v0.3.3
[INFO] [stdout] error[E0433]: failed to resolve: could not find `sse` in `lemire`
[INFO] [stdout]   --> benchmarks/validate-utf8.rs:20:50
[INFO] [stdout]    |
[INFO] [stdout] 20 |                     b.iter(|| ::is_utf8::lemire::sse::is_utf8(bytes))
[INFO] [stdout]    |                                                  ^^^ could not find `sse` in `lemire`
[INFO] [stdout] ...
[INFO] [stdout] 40 | bench!(random_bytes, "../props/random_bytes.bin");
[INFO] [stdout]    | -------------------------------------------------- in this macro invocation
[INFO] [stdout]    |
[INFO] [stdout]    = note: this error originates in a macro (in Nightly builds, run with -Z macro-backtrace for more info)
[INFO] [stdout] 
[INFO] [stdout] 
[INFO] [stdout] error[E0433]: failed to resolve: could not find `avx` in `lemire`
[INFO] [stdout]   --> benchmarks/validate-utf8.rs:23:50
[INFO] [stdout]    |
[INFO] [stdout] 23 |                     b.iter(|| ::is_utf8::lemire::avx::is_utf8(bytes))
[INFO] [stdout]    |                                                  ^^^ could not find `avx` in `lemire`
[INFO] [stdout] ...
[INFO] [stdout] 40 | bench!(random_bytes, "../props/random_bytes.bin");
[INFO] [stdout]    | -------------------------------------------------- in this macro invocation
[INFO] [stdout]    |
[INFO] [stdout]    = note: this error originates in a macro (in Nightly builds, run with -Z macro-backtrace for more info)
[INFO] [stdout] 
[INFO] [stdout] 
[INFO] [stdout] error[E0433]: failed to resolve: could not find `avx` in `lemire`
[INFO] [stdout]   --> benchmarks/validate-utf8.rs:26:50
[INFO] [stdout]    |
[INFO] [stdout] 26 |                     b.iter(|| ::is_utf8::lemire::avx::is_utf8_ascii_path(bytes))
[INFO] [stdout]    |                                                  ^^^ could not find `avx` in `lemire`
[INFO] [stdout] ...
[INFO] [stdout] 40 | bench!(random_bytes, "../props/random_bytes.bin");
[INFO] [stdout]    | -------------------------------------------------- in this macro invocation
[INFO] [stdout]    |
[INFO] [stdout]    = note: this error originates in a macro (in Nightly builds, run with -Z macro-backtrace for more info)
[INFO] [stdout] 
[INFO] [stdout] 
[INFO] [stdout] error[E0433]: failed to resolve: could not find `sse` in `range`
[INFO] [stdout]   --> benchmarks/validate-utf8.rs:29:49
[INFO] [stdout]    |
[INFO] [stdout] 29 |                     b.iter(|| ::is_utf8::range::sse::is_utf8(bytes))
[INFO] [stdout]    |                                                 ^^^ could not find `sse` in `range`
[INFO] [stdout] ...
[INFO] [stdout] 40 | bench!(random_bytes, "../props/random_bytes.bin");
[INFO] [stdout]    | -------------------------------------------------- in this macro invocation
[INFO] [stdout]    |
[INFO] [stdout]    = note: this error originates in a macro (in Nightly builds, run with -Z macro-backtrace for more info)
[INFO] [stdout] 
[INFO] [stdout] 
[INFO] [stdout] error[E0433]: failed to resolve: could not find `avx` in `range`
[INFO] [stdout]   --> benchmarks/validate-utf8.rs:32:49
[INFO] [stdout]    |
[INFO] [stdout] 32 |                     b.iter(|| ::is_utf8::range::avx::is_utf8(bytes))
[INFO] [stdout]    |                                                 ^^^ could not find `avx` in `range`
[INFO] [stdout] ...
[INFO] [stdout] 40 | bench!(random_bytes, "../props/random_bytes.bin");
[INFO] [stdout]    | -------------------------------------------------- in this macro invocation
[INFO] [stdout]    |
[INFO] [stdout]    = note: this error originates in a macro (in Nightly builds, run with -Z macro-backtrace for more info)
[INFO] [stdout] 
[INFO] [stdout] 
[INFO] [stdout] error[E0433]: failed to resolve: could not find `sse` in `lemire`
[INFO] [stdout]   --> benchmarks/validate-utf8.rs:20:50
[INFO] [stdout]    |
[INFO] [stdout] 20 |                     b.iter(|| ::is_utf8::lemire::sse::is_utf8(bytes))
[INFO] [stdout]    |                                                  ^^^ could not find `sse` in `lemire`
[INFO] [stdout] ...
[INFO] [stdout] 41 | bench!(mostly_ascii, "../props/mostly_ascii_sample_ok.txt");
[INFO] [stdout]    | ------------------------------------------------------------ in this macro invocation
[INFO] [stdout]    |
[INFO] [stdout]    = note: this error originates in a macro (in Nightly builds, run with -Z macro-backtrace for more info)
[INFO] [stdout] 
[INFO] [stdout] 
[INFO] [stdout] error[E0433]: failed to resolve: could not find `avx` in `lemire`
[INFO] [stdout]   --> benchmarks/validate-utf8.rs:23:50
[INFO] [stdout]    |
[INFO] [stdout] 23 |                     b.iter(|| ::is_utf8::lemire::avx::is_utf8(bytes))
[INFO] [stdout]    |                                                  ^^^ could not find `avx` in `lemire`
[INFO] [stdout] ...
[INFO] [stdout] 41 | bench!(mostly_ascii, "../props/mostly_ascii_sample_ok.txt");
[INFO] [stdout]    | ------------------------------------------------------------ in this macro invocation
[INFO] [stdout]    |
[INFO] [stdout]    = note: this error originates in a macro (in Nightly builds, run with -Z macro-backtrace for more info)
[INFO] [stdout] 
[INFO] [stdout] 
[INFO] [stdout] error[E0433]: failed to resolve: could not find `avx` in `lemire`
[INFO] [stdout]   --> benchmarks/validate-utf8.rs:26:50
[INFO] [stdout]    |
[INFO] [stdout] 26 |                     b.iter(|| ::is_utf8::lemire::avx::is_utf8_ascii_path(bytes))
[INFO] [stdout]    |                                                  ^^^ could not find `avx` in `lemire`
[INFO] [stdout] ...
[INFO] [stdout] 41 | bench!(mostly_ascii, "../props/mostly_ascii_sample_ok.txt");
[INFO] [stdout]    | ------------------------------------------------------------ in this macro invocation
[INFO] [stdout]    |
[INFO] [stdout]    = note: this error originates in a macro (in Nightly builds, run with -Z macro-backtrace for more info)
[INFO] [stdout] 
[INFO] [stdout] 
[INFO] [stdout] error[E0433]: failed to resolve: could not find `sse` in `range`
[INFO] [stdout]   --> benchmarks/validate-utf8.rs:29:49
[INFO] [stdout]    |
[INFO] [stdout] 29 |                     b.iter(|| ::is_utf8::range::sse::is_utf8(bytes))
[INFO] [stdout]    |                                                 ^^^ could not find `sse` in `range`
[INFO] [stdout] ...
[INFO] [stdout] 41 | bench!(mostly_ascii, "../props/mostly_ascii_sample_ok.txt");
[INFO] [stdout]    | ------------------------------------------------------------ in this macro invocation
[INFO] [stdout]    |
[INFO] [stdout]    = note: this error originates in a macro (in Nightly builds, run with -Z macro-backtrace for more info)
[INFO] [stdout] 
[INFO] [stdout] 
[INFO] [stdout] error[E0433]: failed to resolve: could not find `avx` in `range`
[INFO] [stdout]   --> benchmarks/validate-utf8.rs:32:49
[INFO] [stdout]    |
[INFO] [stdout] 32 |                     b.iter(|| ::is_utf8::range::avx::is_utf8(bytes))
[INFO] [stdout]    |                                                 ^^^ could not find `avx` in `range`
[INFO] [stdout] ...
[INFO] [stdout] 41 | bench!(mostly_ascii, "../props/mostly_ascii_sample_ok.txt");
[INFO] [stdout]    | ------------------------------------------------------------ in this macro invocation
[INFO] [stdout]    |
[INFO] [stdout]    = note: this error originates in a macro (in Nightly builds, run with -Z macro-backtrace for more info)
[INFO] [stdout] 
[INFO] [stdout] 
[INFO] [stdout] error[E0433]: failed to resolve: could not find `sse` in `lemire`
[INFO] [stdout]   --> benchmarks/validate-utf8.rs:20:50
[INFO] [stdout]    |
[INFO] [stdout] 20 |                     b.iter(|| ::is_utf8::lemire::sse::is_utf8(bytes))
[INFO] [stdout]    |                                                  ^^^ could not find `sse` in `lemire`
[INFO] [stdout] ...
[INFO] [stdout] 42 | bench!(ascii, "../props/ascii_sample_ok.txt");
[INFO] [stdout]    | ---------------------------------------------- in this macro invocation
[INFO] [stdout]    |
[INFO] [stdout]    = note: this error originates in a macro (in Nightly builds, run with -Z macro-backtrace for more info)
[INFO] [stdout] 
[INFO] [stdout] 
[INFO] [stdout] error[E0433]: failed to resolve: could not find `avx` in `lemire`
[INFO] [stdout]   --> benchmarks/validate-utf8.rs:23:50
[INFO] [stdout]    |
[INFO] [stdout] 23 |                     b.iter(|| ::is_utf8::lemire::avx::is_utf8(bytes))
[INFO] [stdout]    |                                                  ^^^ could not find `avx` in `lemire`
[INFO] [stdout] ...
[INFO] [stdout] 42 | bench!(ascii, "../props/ascii_sample_ok.txt");
[INFO] [stdout]    | ---------------------------------------------- in this macro invocation
[INFO] [stdout]    |
[INFO] [stdout]    = note: this error originates in a macro (in Nightly builds, run with -Z macro-backtrace for more info)
[INFO] [stdout] 
[INFO] [stdout] 
[INFO] [stdout] error[E0433]: failed to resolve: could not find `avx` in `lemire`
[INFO] [stdout]   --> benchmarks/validate-utf8.rs:26:50
[INFO] [stdout]    |
[INFO] [stdout] 26 |                     b.iter(|| ::is_utf8::lemire::avx::is_utf8_ascii_path(bytes))
[INFO] [stdout]    |                                                  ^^^ could not find `avx` in `lemire`
[INFO] [stdout] ...
[INFO] [stdout] 42 | bench!(ascii, "../props/ascii_sample_ok.txt");
[INFO] [stdout]    | ---------------------------------------------- in this macro invocation
[INFO] [stdout]    |
[INFO] [stdout]    = note: this error originates in a macro (in Nightly builds, run with -Z macro-backtrace for more info)
[INFO] [stdout] 
[INFO] [stdout] 
[INFO] [stdout] error[E0433]: failed to resolve: could not find `sse` in `range`
[INFO] [stdout]   --> benchmarks/validate-utf8.rs:29:49
[INFO] [stdout]    |
[INFO] [stdout] 29 |                     b.iter(|| ::is_utf8::range::sse::is_utf8(bytes))
[INFO] [stdout]    |                                                 ^^^ could not find `sse` in `range`
[INFO] [stdout] ...
[INFO] [stdout] 42 | bench!(ascii, "../props/ascii_sample_ok.txt");
[INFO] [stdout]    | ---------------------------------------------- in this macro invocation
[INFO] [stdout]    |
[INFO] [stdout]    = note: this error originates in a macro (in Nightly builds, run with -Z macro-backtrace for more info)
[INFO] [stdout] 
[INFO] [stdout] 
[INFO] [stdout] error[E0433]: failed to resolve: could not find `avx` in `range`
[INFO] [stdout]   --> benchmarks/validate-utf8.rs:32:49
[INFO] [stdout]    |
[INFO] [stdout] 32 |                     b.iter(|| ::is_utf8::range::avx::is_utf8(bytes))
[INFO] [stdout]    |                                                 ^^^ could not find `avx` in `range`
[INFO] [stdout] ...
[INFO] [stdout] 42 | bench!(ascii, "../props/ascii_sample_ok.txt");
[INFO] [stdout]    | ---------------------------------------------- in this macro invocation
[INFO] [stdout]    |
[INFO] [stdout]    = note: this error originates in a macro (in Nightly builds, run with -Z macro-backtrace for more info)
[INFO] [stdout] 
[INFO] [stdout] 
[INFO] [stdout] error[E0433]: failed to resolve: could not find `sse` in `lemire`
[INFO] [stdout]   --> benchmarks/validate-utf8.rs:20:50
[INFO] [stdout]    |
[INFO] [stdout] 20 |                     b.iter(|| ::is_utf8::lemire::sse::is_utf8(bytes))
[INFO] [stdout]    |                                                  ^^^ could not find `sse` in `lemire`
[INFO] [stdout] ...
[INFO] [stdout] 43 | bench!(utf8, "../props/utf8_sample_ok.txt");
[INFO] [stdout]    | -------------------------------------------- in this macro invocation
[INFO] [stdout]    |
[INFO] [stdout]    = note: this error originates in a macro (in Nightly builds, run with -Z macro-backtrace for more info)
[INFO] [stdout] 
[INFO] [stdout] 
[INFO] [stdout] error[E0433]: failed to resolve: could not find `avx` in `lemire`
[INFO] [stdout]   --> benchmarks/validate-utf8.rs:23:50
[INFO] [stdout]    |
[INFO] [stdout] 23 |                     b.iter(|| ::is_utf8::lemire::avx::is_utf8(bytes))
[INFO] [stdout]    |                                                  ^^^ could not find `avx` in `lemire`
[INFO] [stdout] ...
[INFO] [stdout] 43 | bench!(utf8, "../props/utf8_sample_ok.txt");
[INFO] [stdout]    | -------------------------------------------- in this macro invocation
[INFO] [stdout]    |
[INFO] [stdout]    = note: this error originates in a macro (in Nightly builds, run with -Z macro-backtrace for more info)
[INFO] [stdout] 
[INFO] [stdout] 
[INFO] [stdout] error[E0433]: failed to resolve: could not find `avx` in `lemire`
[INFO] [stdout]   --> benchmarks/validate-utf8.rs:26:50
[INFO] [stdout]    |
[INFO] [stdout] 26 |                     b.iter(|| ::is_utf8::lemire::avx::is_utf8_ascii_path(bytes))
[INFO] [stdout]    |                                                  ^^^ could not find `avx` in `lemire`
[INFO] [stdout] ...
[INFO] [stdout] 43 | bench!(utf8, "../props/utf8_sample_ok.txt");
[INFO] [stdout]    | -------------------------------------------- in this macro invocation
[INFO] [stdout]    |
[INFO] [stdout]    = note: this error originates in a macro (in Nightly builds, run with -Z macro-backtrace for more info)
[INFO] [stdout] 
[INFO] [stdout] 
[INFO] [stdout] error[E0433]: failed to resolve: could not find `sse` in `range`
[INFO] [stdout]   --> benchmarks/validate-utf8.rs:29:49
[INFO] [stdout]    |
[INFO] [stdout] 29 |                     b.iter(|| ::is_utf8::range::sse::is_utf8(bytes))
[INFO] [stdout]    |                                                 ^^^ could not find `sse` in `range`
[INFO] [stdout] ...
[INFO] [stdout] 43 | bench!(utf8, "../props/utf8_sample_ok.txt");
[INFO] [stdout]    | -------------------------------------------- in this macro invocation
[INFO] [stdout]    |
[INFO] [stdout]    = note: this error originates in a macro (in Nightly builds, run with -Z macro-backtrace for more info)
[INFO] [stdout] 
[INFO] [stdout] 
[INFO] [stdout] error[E0433]: failed to resolve: could not find `avx` in `range`
[INFO] [stdout]   --> benchmarks/validate-utf8.rs:32:49
[INFO] [stdout]    |
[INFO] [stdout] 32 |                     b.iter(|| ::is_utf8::range::avx::is_utf8(bytes))
[INFO] [stdout]    |                                                 ^^^ could not find `avx` in `range`
[INFO] [stdout] ...
[INFO] [stdout] 43 | bench!(utf8, "../props/utf8_sample_ok.txt");
[INFO] [stdout]    | -------------------------------------------- in this macro invocation
[INFO] [stdout]    |
[INFO] [stdout]    = note: this error originates in a macro (in Nightly builds, run with -Z macro-backtrace for more info)
[INFO] [stdout] 
[INFO] [stdout] 
[INFO] [stdout] error[E0433]: failed to resolve: could not find `sse` in `lemire`
[INFO] [stdout]   --> benchmarks/validate-utf8.rs:20:50
[INFO] [stdout]    |
[INFO] [stdout] 20 |                     b.iter(|| ::is_utf8::lemire::sse::is_utf8(bytes))
[INFO] [stdout]    |                                                  ^^^ could not find `sse` in `lemire`
[INFO] [stdout] ...
[INFO] [stdout] 44 | bench!(all_utf8, "../props/utf8-characters-0-0x10ffff.txt");
[INFO] [stdout]    | ------------------------------------------------------------ in this macro invocation
[INFO] [stdout]    |
[INFO] [stdout]    = note: this error originates in a macro (in Nightly builds, run with -Z macro-backtrace for more info)
[INFO] [stdout] 
[INFO] [stdout] 
[INFO] [stdout] error[E0433]: failed to resolve: could not find `avx` in `lemire`
[INFO] [stdout]   --> benchmarks/validate-utf8.rs:23:50
[INFO] [stdout]    |
[INFO] [stdout] 23 |                     b.iter(|| ::is_utf8::lemire::avx::is_utf8(bytes))
[INFO] [stdout]    |                                                  ^^^ could not find `avx` in `lemire`
[INFO] [stdout] ...
[INFO] [stdout] 44 | bench!(all_utf8, "../props/utf8-characters-0-0x10ffff.txt");
[INFO] [stdout]    | ------------------------------------------------------------ in this macro invocation
[INFO] [stdout]    |
[INFO] [stdout]    = note: this error originates in a macro (in Nightly builds, run with -Z macro-backtrace for more info)
[INFO] [stdout] 
[INFO] [stdout] 
[INFO] [stdout] error[E0433]: failed to resolve: could not find `avx` in `lemire`
[INFO] [stdout]   --> benchmarks/validate-utf8.rs:26:50
[INFO] [stdout]    |
[INFO] [stdout] 26 |                     b.iter(|| ::is_utf8::lemire::avx::is_utf8_ascii_path(bytes))
[INFO] [stdout]    |                                                  ^^^ could not find `avx` in `lemire`
[INFO] [stdout] ...
[INFO] [stdout] 44 | bench!(all_utf8, "../props/utf8-characters-0-0x10ffff.txt");
[INFO] [stdout]    | ------------------------------------------------------------ in this macro invocation
[INFO] [stdout]    |
[INFO] [stdout]    = note: this error originates in a macro (in Nightly builds, run with -Z macro-backtrace for more info)
[INFO] [stdout] 
[INFO] [stdout] 
[INFO] [stdout] error[E0433]: failed to resolve: could not find `sse` in `range`
[INFO] [stdout]   --> benchmarks/validate-utf8.rs:29:49
[INFO] [stdout]    |
[INFO] [stdout] 29 |                     b.iter(|| ::is_utf8::range::sse::is_utf8(bytes))
[INFO] [stdout]    |                                                 ^^^ could not find `sse` in `range`
[INFO] [stdout] ...
[INFO] [stdout] 44 | bench!(all_utf8, "../props/utf8-characters-0-0x10ffff.txt");
[INFO] [stdout]    | ------------------------------------------------------------ in this macro invocation
[INFO] [stdout]    |
[INFO] [stdout]    = note: this error originates in a macro (in Nightly builds, run with -Z macro-backtrace for more info)
[INFO] [stdout] 
[INFO] [stdout] 
[INFO] [stdout] error[E0433]: failed to resolve: could not find `avx` in `range`
[INFO] [stdout]   --> benchmarks/validate-utf8.rs:32:49
[INFO] [stdout]    |
[INFO] [stdout] 32 |                     b.iter(|| ::is_utf8::range::avx::is_utf8(bytes))
[INFO] [stdout]    |                                                 ^^^ could not find `avx` in `range`
[INFO] [stdout] ...
[INFO] [stdout] 44 | bench!(all_utf8, "../props/utf8-characters-0-0x10ffff.txt");
[INFO] [stdout]    | ------------------------------------------------------------ in this macro invocation
[INFO] [stdout]    |
[INFO] [stdout]    = note: this error originates in a macro (in Nightly builds, run with -Z macro-backtrace for more info)
[INFO] [stdout] 
[INFO] [stdout] 
[INFO] [stdout] error[E0433]: failed to resolve: could not find `sse` in `lemire`
[INFO] [stdout]   --> benchmarks/validate-utf8.rs:20:50
[INFO] [stdout]    |
[INFO] [stdout] 20 |                       b.iter(|| ::is_utf8::lemire::sse::is_utf8(bytes))
[INFO] [stdout]    |                                                    ^^^ could not find `sse` in `lemire`
[INFO] [stdout] ...
[INFO] [stdout] 45 | / bench!(
[INFO] [stdout] 46 | |     all_utf8_with_garbage,
[INFO] [stdout] 47 | |     "../props/utf8-characters-0-0x10ffff-with-garbage.bin"
[INFO] [stdout] 48 | | );
[INFO] [stdout]    | |__- in this macro invocation
[INFO] [stdout]    |
[INFO] [stdout]    = note: this error originates in a macro (in Nightly builds, run with -Z macro-backtrace for more info)
[INFO] [stdout] 
[INFO] [stdout] 
[INFO] [stdout] error[E0433]: failed to resolve: could not find `avx` in `lemire`
[INFO] [stdout]   --> benchmarks/validate-utf8.rs:23:50
[INFO] [stdout]    |
[INFO] [stdout] 23 |                       b.iter(|| ::is_utf8::lemire::avx::is_utf8(bytes))
[INFO] [stdout]    |                                                    ^^^ could not find `avx` in `lemire`
[INFO] [stdout] ...
[INFO] [stdout] 45 | / bench!(
[INFO] [stdout] 46 | |     all_utf8_with_garbage,
[INFO] [stdout] 47 | |     "../props/utf8-characters-0-0x10ffff-with-garbage.bin"
[INFO] [stdout] 48 | | );
[INFO] [stdout]    | |__- in this macro invocation
[INFO] [stdout]    |
[INFO] [stdout]    = note: this error originates in a macro (in Nightly builds, run with -Z macro-backtrace for more info)
[INFO] [stdout] 
[INFO] [stdout] 
[INFO] [stdout] error[E0433]: failed to resolve: could not find `avx` in `lemire`
[INFO] [stdout]   --> benchmarks/validate-utf8.rs:26:50
[INFO] [stdout]    |
[INFO] [stdout] 26 |                       b.iter(|| ::is_utf8::lemire::avx::is_utf8_ascii_path(bytes))
[INFO] [stdout]    |                                                    ^^^ could not find `avx` in `lemire`
[INFO] [stdout] ...
[INFO] [stdout] 45 | / bench!(
[INFO] [stdout] 46 | |     all_utf8_with_garbage,
[INFO] [stdout] 47 | |     "../props/utf8-characters-0-0x10ffff-with-garbage.bin"
[INFO] [stdout] 48 | | );
[INFO] [stdout]    | |__- in this macro invocation
[INFO] [stdout]    |
[INFO] [stdout]    = note: this error originates in a macro (in Nightly builds, run with -Z macro-backtrace for more info)
[INFO] [stdout] 
[INFO] [stdout] 
[INFO] [stdout] error[E0433]: failed to resolve: could not find `sse` in `range`
[INFO] [stdout]   --> benchmarks/validate-utf8.rs:29:49
[INFO] [stdout]    |
[INFO] [stdout] 29 |                       b.iter(|| ::is_utf8::range::sse::is_utf8(bytes))
[INFO] [stdout]    |                                                   ^^^ could not find `sse` in `range`
[INFO] [stdout] ...
[INFO] [stdout] 45 | / bench!(
[INFO] [stdout] 46 | |     all_utf8_with_garbage,
[INFO] [stdout] 47 | |     "../props/utf8-characters-0-0x10ffff-with-garbage.bin"
[INFO] [stdout] 48 | | );
[INFO] [stdout]    | |__- in this macro invocation
[INFO] [stdout]    |
[INFO] [stdout]    = note: this error originates in a macro (in Nightly builds, run with -Z macro-backtrace for more info)
[INFO] [stdout] 
[INFO] [stdout] 
[INFO] [stdout] error[E0433]: failed to resolve: could not find `avx` in `range`
[INFO] [stdout]   --> benchmarks/validate-utf8.rs:32:49
[INFO] [stdout]    |
[INFO] [stdout] 32 |                       b.iter(|| ::is_utf8::range::avx::is_utf8(bytes))
[INFO] [stdout]    |                                                   ^^^ could not find `avx` in `range`
[INFO] [stdout] ...
[INFO] [stdout] 45 | / bench!(
[INFO] [stdout] 46 | |     all_utf8_with_garbage,
[INFO] [stdout] 47 | |     "../props/utf8-characters-0-0x10ffff-with-garbage.bin"
[INFO] [stdout] 48 | | );
[INFO] [stdout]    | |__- in this macro invocation
[INFO] [stdout]    |
[INFO] [stdout]    = note: this error originates in a macro (in Nightly builds, run with -Z macro-backtrace for more info)
[INFO] [stdout] 
[INFO] [stdout] 
[INFO] [stdout] error: aborting due to 30 previous errors
[INFO] [stdout] 
[INFO] [stdout] 
[INFO] [stdout] For more information about this error, try `rustc --explain E0433`.
[INFO] [stdout] 
[INFO] [stderr] error: could not compile `is_utf8`.
[INFO] [stderr] 
[INFO] [stderr] To learn more, run the command again with --verbose.
[INFO] [stderr] warning: build failed, waiting for other jobs to finish...
[INFO] [stderr] error: build failed
[INFO] running `Command { std: "docker" "inspect" "262e1560fa0c58415b7bfa24ec3a7d135f5458ceeb078c380f3a0c49f6764e06", kill_on_drop: false }`
[INFO] running `Command { std: "docker" "rm" "-f" "262e1560fa0c58415b7bfa24ec3a7d135f5458ceeb078c380f3a0c49f6764e06", kill_on_drop: false }`
[INFO] [stdout] 262e1560fa0c58415b7bfa24ec3a7d135f5458ceeb078c380f3a0c49f6764e06
